26
Calculate the greatest common factor of 351379 and 27432307.
4949
Calculate the highest common divisor of 33732 and 39372.
12
What is the highest common factor of 42 and 1381556946?
42
What is the greatest common factor of 4801551 and 103?
103
Calculate the greatest common factor of 637308 and 10616742.
5058
Calculate the greatest common factor of 15951 and 404391.
39
What is the highest common divisor of 51514 and 3851570?
1198
What is the highest common divisor of 3783 and 1503597?
291
What is the greatest common factor of 237 and 4252191?
3
Calculate the greatest common factor of 6282 and 951902037.
3141
What is the highest common factor of 108 and 481777476?
12
Calculate the highest common divisor of 387423 and 224801.
4783
What is the greatest common divisor of 5216120 and 3360?
280
Calculate the highest common factor of 3508818 and 146.
146
Calculate the highest common factor of 9691195160 and 40.
40
What is the greatest common divisor of 4182 and 396372?
102
What is the highest common divisor of 207 and 1759149?
9
What is the highest common factor of 224 and 16360848?
112
Calculate the highest common factor of 88 and 33307384.
88
What is the highest common divisor of 210852750 and 150?
150
Calculate the greatest common divisor of 715960 and 1785.
35
What is the greatest common factor of 2691 and 61612239?
897
What is the greatest common factor of 1049234 and 41311?
109
What is the highest common divisor of 74226523 and 861?
287
What is the greatest common factor of 8294528 and 1032?
344
What is the highest common factor of 6505 and 8660?
5
Calculate the highest common divisor of 1288608 and 16.
16
What is the highest common divisor of 18 and 93768354?
18
Calculate the greatest common factor of 35200 and 1436336.
176
Calculate the greatest common divisor of 1888 and 3166294.
118
What is the highest common factor of 337328 and 6554?
58
What is the highest common factor of 31193265 and 8760?
1095
Calculate the highest common factor of 27060 and 5238420.
660
What is the greatest common divisor of 130 and 120104179?
13
What is the highest common factor of 2794627 and 33?
11
Calculate the greatest common factor of 297858069 and 898.
449
Calculate the highest common factor of 37546983 and 36.
9
Calculate the highest common factor of 1580 and 85196.
4
What is the highest common divisor of 2594000 and 15125?
125
What is the highest common factor of 35708 and 61516748?
452
Calculate the highest common factor of 1279331 and 3065.
613
What is the greatest common divisor of 20 and 15157348?
4
Calculate the greatest common factor of 4846673 and 162781.
5251
Calculate the highest common divisor of 15522 and 96932303.
2587
What is the greatest common factor of 1314856 and 1540?
4
Calculate the greatest common factor of 16672 and 3152.
16
What is the highest common factor of 130345 and 74015?
655
Calculate the highest common factor of 141 and 6820969.
47
Calculate the greatest common factor of 5525 and 1148600.
25
Calculate the highest common divisor of 15 and 19808560.
5
What is the highest common divisor of 6 and 120997689?
3
What is the highest common factor of 14521395 and 1288?
161
Calculate the highest common divisor of 5984 and 106777.
187
What is the highest common factor of 6360 and 1767624?
24
What is the greatest common factor of 27242595 and 1545?
15
Calculate the greatest common divisor of 2470 and 14094314.
494
What is the greatest common divisor of 2412608 and 224?
32
Calculate the highest common factor of 28416 and 658452.
444
What is the highest common factor of 553058 and 46299?
253
What is the greatest common factor of 7049715 and 660?
15
What is the greatest common divisor of 2915 and 9842789?
583
Calculate the greatest common factor of 43027 and 32198.
17
What is the highest common factor of 51 and 14632444?
17
What is the greatest common factor of 1141 and 12070947?
7
Calculate the highest common factor of 1749012 and 22356.
276
What is the highest common divisor of 7920 and 2513520?
720
What is the highest common divisor of 9 and 17966889?
9
Calculate the greatest common factor of 2207 and 885119557.
2207
What is the highest common factor of 5 and 477825765?
5
What is the highest common divisor of 95263 and 28091?
7
What is the highest common divisor of 3016 and 6206720?
104
Calculate the greatest common factor of 3754559 and 56098.
4007
What is the highest common factor of 6077264 and 1596?
76
Calculate the highest common divisor of 704823 and 525.
21
Calculate the highest common factor of 697 and 1989894.
41
What is the highest common divisor of 112386288 and 1344?
336
What is the greatest common factor of 501208 and 6298?
94
What is the greatest common factor of 5733 and 3558672?
117
Calculate the greatest common factor of 2635 and 9376775.
85
Calculate the greatest common divisor of 708016 and 3724.
76
Calculate the highest common factor of 164225445 and 3255.
465
What is the highest common divisor of 1502542 and 1943?
67
Calculate the greatest common factor of 12411 and 91564221.
4137
Calculate the highest common divisor of 17547128 and 544.
136
What is the highest common factor of 30238 and 7376909?
1163
What is the greatest common divisor of 224 and 312748800?
224
Calculate the highest common factor of 8117346 and 2452.
1226
Calculate the highest common divisor of 9915 and 233207410.
3305
What is the greatest common factor of 29759206 and 247?
19
What is the greatest common factor of 15 and 43528461?
3
What is the greatest common divisor of 13977 and 25?
1
What is the greatest common divisor of 35 and 16873465?
35
What is the highest common divisor of 40957675 and 3825?
425
Calculate the greatest common factor of 2013 and 13248411.
33
What is the greatest common divisor of 2596965 and 7035?
105
What is the greatest common factor of 9570145 and 1235?
65
Calculate the highest common divisor of 16192 and 30735056.
176
Calculate the greatest common factor of 116545 and 226733.
2119
What is the highest common divisor of 32053 and 25529?
7
Calculate the highest common divisor of 309133 and 517847.
1969
Calculate the greatest common divisor of 296225 and 406925.
1025
Calculate the highest common factor of 158400 and 33330.
330
What is the greatest common factor of 1913785 and 4030?
155
Calculate the greatest common factor of 39 and 36996193.
13
Calculate the highest common factor of 2197065 and 129867.
1779
What is the highest common factor of 739950 and 69600?
150
Calculate the highest common divisor of 2528808 and 96.
24
Calculate the greatest common factor of 115846 and 96.
2
Calculate the greatest common divisor of 599021356 and 1168.
292
Calculate the highest common factor of 6162375 and 2875.
125
What is the greatest common factor of 1900 and 101746900?
1900
Calculate the highest common factor of 549 and 36355329.
549
Calculate the highest common factor of 1650670 and 455.
35
What is the greatest common factor of 6769022 and 2340?
26
Calculate the highest common factor of 124953129 and 63.
63
What is the greatest common divisor of 29336 and 332880?
152
What is the highest common divisor of 1412171861 and 93?
31
Calculate the greatest common divisor of 54282494 and 21.
7
What is the highest common divisor of 1749357 and 1215?
243
What is the greatest common factor of 3902300 and 100?
100
Calculate the highest common divisor of 3878346 and 2092074.
4854
What is the highest common divisor of 56271369 and 7182?
399
What is the highest common factor of 229508755 and 47?
47
What is the greatest common factor of 100622000 and 8?
8
What is the greatest common divisor of 124803 and 807399?
2547
What is the greatest common factor of 14 and 2580446806?
14
Calculate the highest common divisor of 380 and 59195830.
190
What is the greatest common factor of 180429 and 119464?
137
Calculate the greatest common divisor of 30 and 372123195.
15
What is the highest common divisor of 6345184 and 249?
83
Calculate the greatest common divisor of 785 and 7840580.
785
What is the highest common divisor of 1129180 and 871780?
260
What is the greatest common factor of 363384 and 502152?
1176
What is the highest common divisor of 2764885 and 2628235?
4555
Calculate the highest common divisor of 412988 and 8404.
4
Calculate the greatest common f